03 - 778231 = 400782. Calculate the highest common divisor of 740 and f.
148
Let h(q) = -7 - 22 + 5*q + 14. Let z be h(5). Let j = z + 71. What is the highest common factor of 27 and j?
27
Let h be -3 + 2*42/12. Let n be 98/6 + (12/(-9))/h. Let r(w) = -w**2 - 7*w - 4. Let b be r(-6). What is the highest common divisor of b and n?
2
Let f = -3238 + 3568. What is the greatest common factor of f and 726?
66
Let k(x) = -14*x + 1 + 42*x - 17*x - 16*x. Let d be k(-3). Calculate the greatest common factor of 144 and d.
16
Let o = 1038 + -1026. Calculate the greatest common factor of 87 and o.
3
Let v = -8867 + 13417. Calculate the highest common factor of v and 28.
14
Let a be ((-167586)/(-45))/1 + (-168)/1260. Calculate the highest common factor of a and 152.
76
Let m = 69 + -61. Let l be (3 - -5)*30/m. Let n be (l/(-9))/(-1 + 147/153). What is the greatest common factor of n and 34?
17
Suppose 4*s + 19*a - 14*a = -1279, -623 = 2*s - 3*a. Let i = s + 335. Suppose 0 = -0*o - 2*o + 342. What is the highest common factor of i and o?
19
Let k(s) = -3*s**2 - 10*s - 108. Let w be k(-7). Let t = w - -581. What is the highest common factor of 9 and t?
9
Let p(z) be the second derivative of z**5/20 - z**4/3 + z**3 - z**2/2 - 35*z. Let h be p(1). What is the greatest common divisor of 36 and h?
2
Let l(h) = 45*h**3 + 8*h**2 - 9*h. Let y be l(1). Calculate the greatest common divisor of y and 100.
4
Suppose 7*o + 1399 = -1548. Let b = 463 + o. Calculate the highest common factor of 714 and b.
42
Suppose -6*a - 3*z = -40323, -14*a + 4*z = -9*a - 33635. What is the highest common factor of 36 and a?
9
Let t(x) = 10*x - 25. Let j be (-2)/(-3)*90/12. Let i be t(j). Suppose 2*k + k - 675 = 0. What is the highest common divisor of i and k?
25
Suppose -4*z + 2*z = i - 3, -4*i = 4. Suppose -z*u + 4*u = 30. Suppose 18*w = u*w + 108. Calculate the greatest common factor of w and 90.
18
Let q(j) = -3*j - 1. Let b be q(-1). Suppose 108 = 26*t + t. What is the greatest common factor of t and b?
2
Suppose -p - 68*p + 4750 = -19*p. Calculate the highest common factor of 1957 and p.
19
Let q be (10 - 22) + 1432 + (-1)/(-2)*-2. What is the highest common factor of q and 891?
33
Suppose -4174 = 80*z - 71374. Calculate the highest common factor of 1995 and z.
105
Let p be ((-56)/5)/((-43)/((-58050)/(-60))). Calculate the greatest common factor of 105 and p.
21
Let w be (-7)/3*5712/(-680)*(-70)/(-4). Calculate the highest common factor of 49 and w.
49
Let u = 13081 + -13072. Calculate the greatest common factor of 4041 and u.
9
Let s(k) = -k - 8. Let t be s(-3). Let z be t/4*2*(-52)/65. Suppose 2*m - 87 = -5*j - z*m, 0 = -3*m - 6. Calculate the greatest common divisor of 38 and j.
19
Let x = 14508 - 4508. What is the greatest common factor of x and 16?
16
Suppose -3*d + 8 = 2*d - s, 0 = -5*d - 2*s - 1. Suppose -167*p + 165*p + 36 = 0. Calculate the greatest common factor of d and p.
1
Let c be 609/9*(-4 - -16 - 3). What is the highest common divisor of 189 and c?
21
Let m(p) = 2*p**2 - p - 5. Suppose -r - g = -3*g + 3, 3*g + 15 = -5*r. Let o be m(r). Let h be -1*(-3)/1 + o. Calculate the greatest common factor of h and 19.
19
Let o be 1 - -113 - 3234/(-294). What is the highest common divisor of 1550 and o?
25
Let h(l) = 2*l**2 - 22*l + 31. Let k be h(16). Suppose 15*y + 11 - k = 0. Calculate the highest common divisor of y and 12.
12
Let u(t) = -t + t**3 + 21 + 17*t**2 + 7 - 34*t**2 + 3*t. Let s be u(15). Let r be (s/(-42))/(1/3). What is the greatest common divisor of r and 21?
7
Let t = -151 + 159. Suppose q + 22 = 5*o, -3*o - 5*q + 1 = -1. Suppose 5 - 1 = o*m. Calculate the greatest common divisor of t and m.
1
Let l = -45 - -40. Let z be 2/l*(-36 + 2 + 4). Suppose z*u - 78 = 762. What is the highest common divisor of 7 and u?
7
Suppose -8*x - 19*x = -19*x - 576. Calculate the greatest common divisor of x and 1017.
9
Let k = 25293 + -25122. Let r be (5 - -7)*(-8)/(-1). Suppose 5*x - r = j, 32 = 4*x + 5*j - 39. What is the highest common divisor of k and x?
19
Suppose 4*b = 4*h, -b + 16 - 6 = 4*h. Suppose 0 = a + 3*z - 25, -h*z - 37 = -a + z. Calculate the highest common factor of 93 and a.
31
Let a be -3 + (-112)/(-14) + 204. What is the highest common divisor of 22 and a?
11
Let z(m) be the third derivative of m**5/60 + m**4/12 + 7*m**3/6 + 52*m**2. Let c be z(-2). What is the greatest common divisor of 1 and c?
1
Let c(r) = -r + 15. Let u be c(-3). Suppose -u*n + 1108 = 190. Calculate the highest common divisor of n and 204.
51
Suppose -j = r - 4, 2*j - 7 = -23*r + 22*r. Suppose v - 104 = -2*k - v, 0 = j*k - 4*v - 128. What is the highest common divisor of 9 and k?
3
Let w be (-1 - -4) + (-90)/6. Let o be 19 + 1 + (-16 - w). Let p(u) = u + 24. Let y be p(0). Calculate the highest common divisor of y and o.
8
Let b = 4116 + -2586. What is the greatest common divisor of 72 and b?
18
Let l = -3762 - -3898. What is the greatest common factor of 1700 and l?
68
Suppose -k + 37*a + 530 + 843 = 0, -2*k + 2983 = 5*a. What is the highest common factor of k and 28?
28
Let u(s) = 3*s**2 + 5*s - 2. Let x be u(-4). Suppose 13*j + 3*j - 48 = 0. Suppose j*m - 452 = 250. Calculate the greatest common factor of x and m.
26
Suppose 0 = -6*c - 17*c - 4*c + 5724. What is the greatest common divisor of 8 and c?
4
Suppose 57*i + 10 = 52*i, -5*y + 31 = 2*i. Calculate the highest common factor of y and 1379.
7
Let d(m) = 2*m - 31. Let o be d(10). Let y be 88/o*(-2)/4. Let v be 1*y + 38 + -23. Calculate the highest common factor of v and 152.
19
Suppose 0*h = -5*h + 2*r - 45, -2*r = 0. Let p be ((-8960)/12)/8*(3 + h). Calculate the greatest common factor of 28 and p.
28
Let y(f) = f**3 + 8*f**2 - 5*f - 15. Let k be y(-8). Let d(w) = w**3 - 4*w**2 - 22*w + 18. Let a be d(9). Calculate the highest common divisor of a and k.
25
Let w = 11805 - 7619. What is the greatest common factor of 42 and w?
14
Let j be 0/((-2)/(0 + -2)). Let a be (-2 + j + 37)*1. Suppose -1498582*h + 1498526*h = -17640. Calculate the highest common divisor of a and h.
35
Let c = 4565 + -2189. Let t be ((-44)/6)/((-144)/c). What is the greatest common factor of 11 and t?
11
Let s = 891 - 495. Let r be (s/66)/(2/75). What is the highest common divisor of r and 5?
5
Suppose 20*c = 33401 - 5257 + 15316. Calculate the greatest common factor of c and 477.
53
Suppose -177*g + 16001 = -161*g - 15. Calculate the highest common divisor of 1456 and g.
91
Let m be -4 + (9 + -3)/3 - -5. Suppose -4*f + 43 + 35 = 2*k, -k + m*f = -24. Suppose 19 = 2*c - k. Calculate the greatest common factor of 65 and c.
13
Let w = -15682 + 16515. What is the greatest common factor of 459 and w?
17
Suppose -23*i - 21 = -m - 27*i, -i = -4*m + 101. What is the greatest common divisor of 995 and m?
5
Let r = -163 + 162. Let c be ((107 - 7)/(-10))/(r/3). Calculate the greatest common factor of c and 20.
10
Let o = -68 - -160. Let u be (-50)/(-200) - 830/(-8). Suppose -7*w + u = -o. What is the greatest common divisor of w and 308?
28
Let b(m) = -m**3 + 6*m**2 - 11*m - 47. Let u be b(-6). Let o = u - 399. What is the highest common divisor of 65 and o?
13
Suppose 2*o + 8*a - 3*a - 710 = 0, -o + 329 = -4*a. Calculate the highest common factor of o and 240.
15
Let h(v) = -v**2 - 73*v - 307. Let d be h(-67). What is the highest common factor of d and 3895?
95
Suppose -20*b - 8439 = -38*b - 79*b. What is the highest common divisor of b and 11107?
29
Let m be 105 - 3 - 0/3. Suppose -4*h - 5*o + 7 + 3 = 0, -4*o = -3*h + 23. Suppose -h*d = -6*d + 68. What is the highest common divisor of m and d?
34
Let q be 10/(-6) - ((-92268)/(-54))/(-22). What is the greatest common factor of 2622 and q?
38
Let k be (-1271)/((-32)/8 - (-5 - -2)). Calculate the highest common factor of 62 and k.
31
Let m be (-676115)/(-88) - (-4 - (-99)/24). Calculate the highest common factor of 39 and m.
39
Suppose 0*x - 28 = -5*x + 2*j, -5*j = 5*x - 70. What is the highest common factor of x and 8872?
8
Suppose 12*h - 8*h + 521 = 1513. Calculate the highest common factor of 2573 and h.
31
Let w be (-6)/(-15) + (-6076)/(-10). Suppose -4*m - 274 = -230, m = -2*b + 27. Calculate the highest common divisor of w and b.
19
Let b(u) = -104*u - 1049. Let d be b(-11). What is the highest common divisor of